isor of 402 and 61104.
402
What is the highest common factor of 492 and 615?
123
What is the highest common divisor of 340 and 80?
20
What is the highest common factor of 154 and 3850?
154
Calculate the highest common divisor of 31 and 589.
31
Calculate the greatest common divisor of 775 and 62.
31
Calculate the highest common factor of 1771 and 308.
77
What is the highest common divisor of 54 and 594?
54
What is the greatest common factor of 20 and 14290?
10
Calculate the greatest common divisor of 129 and 3.
3
Calculate the greatest common divisor of 10738 and 182.
182
What is the greatest common factor of 2330 and 233?
233
Calculate the greatest common factor of 10750 and 2000.
250
Calculate the highest common factor of 3074 and 742.
106
Calculate the highest common divisor of 9 and 1467.
9
Calculate the highest common divisor of 9517 and 279.
31
What is the highest common factor of 160 and 536?
8
What is the highest common factor of 762 and 6?
6
What is the highest common factor of 1792 and 112?
112
Calculate the greatest common factor of 5082 and 1232.
154
What is the greatest common divisor of 3 and 231?
3
What is the greatest common divisor of 20 and 110?
10
What is the greatest common factor of 27 and 513?
27
Calculate the highest common divisor of 205 and 10.
5
Calculate the highest common divisor of 2079 and 55.
11
Calculate the greatest common divisor of 13932 and 648.
324
Calculate the greatest common divisor of 158 and 35866.
158
What is the highest common divisor of 279 and 387?
9
Calculate the highest common divisor of 20 and 270.
10
Calculate the greatest common factor of 30 and 1500.
30
Calculate the greatest common factor of 57 and 120.
3
What is the highest common divisor of 200 and 48?
8
What is the greatest common divisor of 212 and 106?
106
Calculate the greatest common divisor of 6412 and 112.
28
What is the greatest common factor of 141 and 18?
3
What is the greatest common factor of 336 and 1701?
21
Calculate the highest common factor of 10 and 23400.
10
Calculate the greatest common divisor of 201 and 2.
1
What is the highest common factor of 257 and 18761?
257
What is the greatest common factor of 96 and 28272?
48
Calculate the greatest common divisor of 377 and 273.
13
Calculate the highest common factor of 63 and 126.
63
What is the greatest common factor of 468 and 20?
4
Calculate the greatest common divisor of 780 and 2028.
156
What is the greatest common factor of 660 and 33?
33
Calculate the highest common divisor of 1921 and 113.
113
Calculate the greatest common divisor of 14400 and 225.
225
Calculate the greatest common factor of 3 and 375.
3
What is the greatest common factor of 1736 and 13671?
217
Calculate the greatest common factor of 143 and 176.
11
What is the greatest common divisor of 28 and 196?
28
Calculate the highest common factor of 182 and 2296.
14
What is the highest common factor of 368 and 115?
23
What is the highest common divisor of 72 and 768?
24
What is the greatest common factor of 178 and 67106?
178
What is the highest common factor of 38 and 323?
19
What is the highest common factor of 925 and 37?
37
Calculate the highest common divisor of 20 and 20.
20
Calculate the highest common factor of 23 and 736.
23
Calculate the greatest common divisor of 1998 and 108.
54
What is the highest common divisor of 1015 and 280?
35
What is the greatest common divisor of 736 and 138?
46
What is the highest common factor of 50 and 1690?
10
Calculate the greatest common divisor of 20 and 410.
10
What is the highest common divisor of 50 and 13175?
25
Calculate the greatest common divisor of 154 and 3850.
154
What is the greatest common factor of 176 and 33?
11
What is the highest common factor of 864 and 3872?
32
Calculate the highest common divisor of 40 and 160.
40
Calculate the greatest common divisor of 6262 and 62.
62
Calculate the greatest common divisor of 18 and 90.
18
What is the highest common divisor of 392 and 833?
49
Calculate the highest common divisor of 85 and 40.
5
Calculate the highest common factor of 546 and 294.
42
Calculate the greatest common divisor of 105245 and 35.
35
What is the greatest common factor of 144 and 18?
18
What is the highest common divisor of 292 and 365?
73
Calculate the highest common divisor of 15 and 1695.
15
Calculate the highest common factor of 453 and 3.
3
What is the highest common divisor of 32900 and 40?
20
What is the greatest common factor of 28 and 212?
4
Calculate the greatest common divisor of 60 and 1780.
20
What is the highest common divisor of 44 and 484?
44
Calculate the greatest common factor of 804 and 660.
12
What is the greatest common divisor of 65 and 13?
13
What is the highest common factor of 34 and 425?
17
Calculate the greatest common divisor of 20 and 9370.
10
What is the highest common divisor of 80 and 520?
40
Calculate the highest common divisor of 682 and 7378.
62
What is the greatest common factor of 7 and 151?
1
What is the greatest common divisor of 15 and 120?
15
What is the greatest common factor of 87 and 551?
29
Calculate the greatest common factor of 429 and 78.
39
What is the greatest common factor of 494 and 19?
19
Calculate the highest common divisor of 35 and 1505.
35
What is the highest common factor of 4329 and 1665?
333
Calculate the greatest common divisor of 36 and 1926.
18
What is the greatest common factor of 84 and 434?
14
Calculate the highest common divisor of 330 and 30.
30
Calculate the greatest common divisor of 802 and 2.
2
Calculate the highest common factor of 43 and 21113.
43
What is the highest common factor of 2145 and 75?
15
What is the greatest common factor of 7128 and 132?
132
Calculate the greatest common factor of 2272 and 160.
32
What is the greatest common factor of 31613 and 313?
313
Calculate the greatest common factor of 1426 and 46.
46
Calculate the highest common divisor of 2822 and 34.
34
What is the highest common factor of 490 and 70?
70
What is the highest common factor of 1430 and 385?
55
What is the greatest common factor of 10 and 145?
5
What is the highest common divisor of 135 and 360?
45
Calculate the greatest common factor of 38 and 551.
19
Calculate the highest common divisor of 3597 and 99.
33
What is the greatest common divisor of 10 and 30?
10
Calculate the highest common factor of 1053 and 1917.
27
Calculate the greatest common divisor of 28725 and 225.
75
Calculate the highest common divisor of 91 and 9737.
91
What is the greatest common factor of 50 and 1970?
10
Calculate the greatest common divisor of 341 and 31.
31
What is the greatest common divisor of 342 and 7239?
57
Calculate the greatest common divisor of 328 and 12.
4
What is the greatest common divisor of 117 and 51363?
117
What is the highest common divisor of 1113 and 636?
159
Calculate the highest common factor of 275 and 385.
55
Calculate the highest common factor of 3569 and 43.
43
Calculate the greatest common divisor of 22 and 440.
22
Calculate the highest common factor of 200 and 1300.
100
Calculate the highest common divisor of 3663 and 99.
99
Calculate the greatest common divisor of 102 and 6086.
34
Calculate the highest common divisor of 84279 and 39.
39
What is the greatest common factor of 252 and 36?
36
What is the highest common divisor of 1274 and 78?
26
What is the highest common divisor of 19 and 323?
19
What is the greatest common divisor of 34 and 6596?
34
Calculate the greatest common factor of 324 and 3807.
81
Calculate the greatest common divisor of 221 and 5.
1
What is the greatest common factor of 656 and 6?
2
What is the highest common factor of 42 and 162?
6
Calculate the greatest common factor of 1431 and 53.
53
Calculate the greatest common factor of 152 and 836.
76
What is the highest common factor of 50 and 6?
2
What is the greatest common divisor of 75 and 1050?
75
Calculate the highest common factor of 488 and 8.
8
Calculate the greatest common divisor of 1105 and 130.
65
What is the greatest common factor of 105 and 28?
7
What is the greatest common factor of 847 and 539?
77
Calculate the highest common factor of 3468 and 12.
12
Calculate the highest common divisor of 1704 and 48.
24
Calculate the greatest common divisor of 434 and 21.
7
Calculate the greatest common div